is the value of -7 + 3 + 10 - 6?
0
Evaluate 6 - (5 + -2) - 8.
-5
What is 8 + 13 + -23 + -4?
-6
What is the value of 6 + -9 - (-8 - -1)?
4
Evaluate -1 + (3 - (-1 - -1)).
2
Evaluate 16 + 7 + -14 - 4.
5
Calculate (3 - (5 + -3)) + -1 + 3.
3
Evaluate 37 - 20 - (9 + 1).
7
Calculate 37 - 24 - (5 + 1).
7
What is 6 + (-6 - -3) + (0 - -2)?
5
What is the value of 4 + -3 + -3 + (3 - 3)?
-2
(-5 - -3) + (8 + 0 - 6)
0
What is the value of 0 - (-4 + (8 - -2))?
-6
-3 - (2 + -3 + -5 + 4)
-1
What is -7 + 1 - -7 - (1 + -1)?
1
Evaluate 1 + (0 + 8 - 9).
0
Calculate 3 + 0 - 0 - (0 + 7).
-4
What is the value of (-5 - 0) + 4 + -2 + 0?
-3
What is the value of 24 - 13 - 5 - -2?
8
Evaluate -10 + 13 + -6 + 1 + 0.
-2
What is the value of -2 - (2 - (-4 - -7))?
-1
What is 2 - ((6 - -3) + -4)?
-3
Evaluate -1 + 0 + -2 - -10.
7
Evaluate 4 + -5 + 7 + -11.
-5
11 - 15 - (-1 + -4)
1
Calculate -2 + (6 - 4 - -2) + -4.
-2
Calculate 4 - ((3 + -8 - -1) + 7).
1
Calculate -8 + 1 + (-19 - -23).
-3
Evaluate -2 + 2 + (-10 - -13).
3
What is the value of (3 - -5) + -6 - 1 - 5?
-4
Calculate 10 + 2 + -5 - 4.
3
Evaluate 0 + 2 + -3 + 2.
1
What is 0 + (1 - 1) + 4 + -9?
-5
Evaluate 1 + -6 + 0 + 1.
-4
What is 7 + -22 + 8 + 1?
-6
8 + -9 + (-1 - (3 + -1))
-4
Calculate 2 - ((6 - 0) + -15 + 6).
5
What is 7 + 5 + -21 + 3?
-6
-5 - -9 - (1 + -1)
4
What is the value of (-2 + 5 + 2 - 2) + 3?
6
Evaluate 24 - 11 - 4 - (-2 - -3).
8
(4 - 1) + -3 - -5 - 1
4
Evaluate (11 - -1 - 6) + -6.
0
Evaluate (-14 - -2) + (12 - 6).
-6
Evaluate -8 + -3 + (0 - (-6 + 0)).
-5
-6 + 10 - (6 + (-5 - -3))
0
What is -9 + 11 + (1 - 1)?
2
What is (-6 - (-1 + -1)) + -38 + 49?
7
Calculate (-1 - -2) + -1 + 5.
5
Calculate -1 + -1 + -2 - -1 - 0.
-3
What is the value of 1 + 3 + 0 + 2 + -1?
5
What is the value of 12 + 1 + -1 + -11?
1
What is the value of -2 + -15 - (-68 - -59)?
-8
What is -1 + 0 + -7 + 3?
-5
What is the value of -11 - (-5 - 3 - 0)?
-3
Evaluate -4 + (4 - -1 - -1) + -5.
-3
Calculate 1 - ((7 - 13) + 10).
-3
What is (0 - 1) + 4 + -1?
2
Evaluate -5 - -6 - -5 - (5 + 6).
-5
What is the value of 2 - (-19 + 5 + 11)?
5
7 + -15 + 4 + 4 + 0
0
What is the value of (-3 - -7) + -3 + (2 - 9)?
-6
Calculate -1 - (0 + 0 + 0) - -4.
3
What is 4 + 3 + -6 + -4?
-3
What is the value of 2 + (-1 + 4 - 5 - -4)?
4
What is 0 + 1 + 4 + -6?
-1
What is the value of (-7 - (0 - 1)) + 13?
7
6 + -5 - 8 - (-3 - 3)
-1
Calculate (-11 - -10) + 1 + -3.
-3
9 + 2 + -5 - (12 - 6)
0
What is -6 + (8 - 2 - 3) + 1?
-2
Evaluate -4 - (-3 - (2 + -3)) - 3.
-5
Evaluate -2 + (-6 - -5 - (-2 - 3)).
2
What is the value of -8 + 0 + 6 - (0 - 5)?
3
Calculate (-1 - -10) + -1 + -12.
-4
Calculate -3 - -3 - (3 - 2 - 0).
-1
-10 + 14 + (-1 - -2)
5
Calculate 2 + 8 + -6 - (-3 - -6).
1
What is -3 + 6 - (0 + 0 + -2)?
5
Evaluate -11 - -6 - (0 - 0 - -1).
-6
What is (-4 - (3 + -6)) + 0?
-1
Calculate -4 + 23 + -8 - 5.
6
Evaluate (5 - 3 - 1) + -1 + -3.
-3
Evaluate 0 - (0 + (-5 - -4)) - 2.
-1
What is the value of (-16 - -8 - -12) + -7 + 1?
-2
Evaluate 7 - (0 + -7 - -14) - 2.
-2
Calculate -1 - ((-1 - -1) + -1) - 3.
-3
Calculate (10 - 17) + 1 + -4.
-10
Calculate (-5 - (-1 - 7)) + 0.
3
Calculate 1 + 3 + 2 + -2 + -4.
0
Evaluate -4 + (3 - 2) - -4 - -4.
5
Calculate 1 + (-2 - (11 + -8 + -14)).
10
What is 1 + 2 + -6 + 4?
1
What is -1 + (3 - 5) - (-6 - -4)?
-1
Calculate -3 + (9 - 3) + 2.
5
What is 6 - (2 + 3 + 0 - 1)?
2
What is 3 - ((-4 - -13) + -4)?
-2
What is -5 - (-2 - (1 + 1))?
-1
Calculate 7 + -6 + (4 - -7) - 6.
6
What is (0 - -2) + (1 - 0) + 2?
5
-6 - 0 - (7 + -11)
-2
Evaluate (9 - (-13 + 30)) + 4.
-4
What is (-1 - (-1 + -2)) + -3?
-1
-4 + -3 + (-1 + 7 - 4)
-5
-8 + -6 + (-14 - -25)
-3
-5 - -5 - (-1 - (-1 - -1))
1
What is the value of -3 + 8 + -2 + -3?
0
What is (-6 - -3) + (-3 + -5 - -4)?
-7
What is the value of 6 + (-4 - (-1 + -2)) - 6?
-1
What is the value of 7 + (0 - ((4 - 2) + 1))?
4
Calculate 1 + (-3 + 5 - 3) + 0.
0
(15 - 16) + 0 + 0
-1
What is (-12 + 6 - -7 - -4) + 1?
6
Evaluate (8 - 1) + -10 - 3.
-6
Evaluate (-9 + 5 - (-1 + -5)) + -6.
-4
Evaluate -63 - -60 - (1 - -2).
-6
Calculate 1 - 1 - (0 - -1 - -4).
-5
What is 12 + -9 + -1 + 0 + -3?
-1
What is -4 + 5 + 1 + -2?
0
(10 - 13) + (1 - (0 + 0))
-2
Calculate -2 - -4 - (3 - (-1 - -5)).
3
What is 0 - (2 - 0 - 4) - 7?
-5
Evaluate 11 + (-14 - -1) + 7.
5
What is 76 - 69 - (0 - -3)?
4
What is the value of -2 + (-2 - (2 + 2) - -4)?
-4
What is the value of 3 - 2 - (-7 - -4)?
4
What is 3 + 5 + (-5 - (3 - 7))?
7
Evaluate 0 + 2 + (-4 - 3) + 3.
-2
What is (-3 - -7) + (0 - (-1 - -4))?
1
Evaluate -5 + 6 - 5 - -6.
2
-8 + 2 - (-12 - -7)
-1
Calculate 0 - 4 - (-4 + 0 - -3).
-3
-7 - (0 - 7 - -5)
-5
What is (-1 - 0) + (1 - 3)?
-3
What is (3 + -5 - (-4 - 0)) + -2?
0
What is the value of 0 + -5 + 2 - (-3 + -3)?
3
Evaluate 3 + -1 + -7 + 3.
-2
What is the value of -4 - (-15 - -6) - 2?
3
Calculate 4 + (-5 + 4 - 3).
0
What is 7 + -1 + -7 + 1?
0
What is -9 + 9 + (6 - 4)?
2
Calculate (-5 - -1) + -1 - (-1 + 1).
-5
(-34 - -28) + -3 + 1
-8
Evaluate -3 + (-1 + -3 - (-34 + 30)).
-3
-9 + 0 + 4 + 0 + 0
-5
Evaluate 107 - 103 - (1 - -7).
-4
Evaluate 17 + -19 + 2 + 0 + -6.
-6
What is the value of (-2 - (-6 - -4)) + (-2 - -3)?
1
What is 2 + -6 + 1 + (1 - 2)?
-4
7 + 1 - (-4 + (6 - -1))
5
Evaluate 5 - 1 - -1 - 1.
4
Evaluate (12 - 8) + 5 - 7.
2
What is 7 - (18 - 10 - 1)?
0
What is 0 + 8 + (-2 + 7 - 9)?
4
What is the value of 11 - 8 - (1 + 1)?
1
What is the value of 8 + -5 + 0 + 11 + -6?
8
What is the value of (6 - 11) + 4 - -1?
0
What is 3 + -9 - (-5 - -2)?
-3
Calculate 8 + -10 - (2 + -4).
0
What is 3 + -1 - (7 - 6)?
1
What is 4 - 12 - ((2 - 7) + -1)?
-2
What is the value of -4 - (1 + 1) - -5?
-1
What is the value of 4 + 0 + -2 - 3?
-1
Evaluate -6 + 3 + 1 + -1.
-3
Calculate -12 + (2 - (-2 + -3)) - 3.
-8
Evaluate -13 - (-9 - (10 + -7)).
-1
What is the value of -7 + -4 + 4 + 7?
0
Evaluate (-1 - 4) + (-10 - -25 - 9).
1
Calculate (2 - (-4 - -7)) + -1.
-2
Evaluate 10 - ((0 - (1 + 1)) + 6).
6
What is 9 + -8 - (-2 + -1 + 1)?
3
(12 + -19 - (-1 - 0)) + 14
8
(-1 - ((5 - 3) + -6)) + -5
-2
Evaluate -5 - (-1 - -1 - (9 + -7)).
-3
Calculate 0 - 2 - -1 - (5 - 3).
-3
Calculate (3 - 4) + (5 - 4).
0
What is the value of 1 - 2 - ((0 - 5) + 4)?
0
Evaluate (-9 - (-2 - 10)) + -3.
0
Evaluate 5 + (-2 - -3) + -6.
0
2 + -11 + 4 + 1
-4
What is -1 - (-3 - -1) - (-2 - -1)?
2
Calculate (3 + -1 + 3 - 4) + 2.
3
0 - (-5 - 1) - 4
2
What is 14 + -3 + 4 + -14?
1
What is -2 + -1 + 1 + -1?
-3
Evaluate 4 + -9 + 4 - (7 - 9).
1
What is the value of 4 + 0 + (6 - 9)?
1
What is the value of (3 - 0) + (-7 - -3 - -4)?
3
Evaluate -6 - (-7 + (-5 - -4)).
2
Calculate (-4 - 1 - (-29 + 30)) + 12.
6
Calculate 10 - (6 - 4 - -4).
4
2 - (1 + -4 - -6) - 4
-5
Calculate 4 + (-2 - (-3 - (2 + -1))).
6
What is 10 - 12 - (-5 - 0 - -1)?
2
What is the value of 1 - (2 - (-2 + 4 + 1))?
2
Calculate -2 + 4 - 6 - (-5 + 0).
1
What is -14 + (-2 - -7) - -8?
-1
Calculate (-1 - 1) + (-2 - -9 - 4).
1
What is -99 + 95 + 2 + 2 + 7?
7
What is the value of 0 + 6 - (5 + -9 - -5)?
5
Calculate (7 - (-4 + (19 - 1))) + 9.
2
What is the value of -3 + 6 + -4 + -2?
-3
0 + 1 - (-5 - -4 - -5)
-3
Calculate (-18 - -8 - -25) + -10.
5
-15 + 4 + 4 - -12 - 8
-3
1 + 1 + (0 - -12) + -12
2
Evaluate -3 - (2 - 0) - (-16 + 12).
-1
What is the value of -4 + (-4 - -11 - 5)?
-2
1 - -2 - (-4 - -2)
5
Evaluate 0 + (4 - -1) - 5.
0
What is the value of 0 - (2 - (5 - (-4 + 6)))?
1
-8 + 19 + -9 + 3
5
Evaluate 12 - 15 - (-1 + 0).
-2
What is -4 - -3 - (-8 + 9 + 0)?
-2
What is -2 - -9 - 8 - (2 - -1)?
-4
Evaluate (1 + 0 + -3 - 4) + 8.
2
Evaluate 11 + (-5 - 1) + 8 + -7.
6
Calculate 5 + -1 + 11 + -17 + 3.
1
3 - 2 - 5 - (6 - 11)
1
What is (-6 - -2) + 3 - -6?
5
Calculate 0 + -7 + (-26 - -32).
-1
2 - (-5 + (14 - 7)) - 7
-7
Evaluate 15 + -6 + (2 - 4 - 3).
4
What is the value of 0 + -4 + 56 + -48 - 1?
3
What is -1 + 2 + (4 - (6 - 5))?
4
(5 - 0) + -1 - 2
2
What is the value of 1 + 1 - (4 - (7 + 0))?
5
(-2 - (-5 - -3)) + (-2 - -4)
2
Calculate -3 + -1 + (-9 - -13).
0
What is the value of 2 + (11 - (24 + -6))?
-5
Evaluate -1 + 10 + 37 + -43.
3
What is the value of 1 + 5 - (-2 + 7 - 1)?
2
Calculate 7 + (4 - 7) - (5 - 0).
-1
Calculate -2 - (-10 + 1) - (-65 + 67).
5
What is 0 - (-7 + -8 + 9)?
6
What is the value of (-8 - -4) + (4 - 2) + 1?
-1
What is 2 - -1 - ((0 - 6) + 3)?
6
What is the value of 10 + (-4 - (0 + 4))?